{"id":281,"date":"2017-02-25T22:14:32","date_gmt":"2017-02-25T21:14:32","guid":{"rendered":"http:\/\/www.kneipp-garbsen.de\/?page_id=281"},"modified":"2017-04-27T20:04:44","modified_gmt":"2017-04-27T18:04:44","slug":"lebensrythmus","status":"publish","type":"page","link":"https:\/\/www.kneipp-garbsen.de\/?page_id=281","title":{"rendered":"Lebensrythmus"},"content":{"rendered":"<div class=\"title\"><\/div>\n<div id=\"c402\" class=\"csc-default\">\n<div class=\"csc-textpic csc-textpic-responsive csc-textpic-intext-right\">\n<div class=\"csc-textpic-text\">\n<h2><img loading=\"lazy\" decoding=\"async\" class=\"aligncenter size-medium wp-image-260\" src=\"wp-content\/uploads\/2017\/03\/lg_Leben.png\" alt=\"lg_Leben\" width=\"247\" height=\"300\" \/>\u201eIm Ma\u00dfe liegt die Ordnung, jedes Zuviel und jedes Zuwenig setzt an Stelle der Gesundheit Krankheit.\u201c<\/h2>\n<p><em>Sebastian Kneipp<\/em><\/p>\n<\/div>\n<\/div>\n<\/div>\n<div id=\"c399\" class=\"csc-default\">\n<div class=\"csc-textpic csc-textpic-responsive csc-textpic-intext-left\">\n<div class=\"csc-textpic-text\">\n<p>Die Ordnungstherapie basiert auf den Prinzipien der Lebensordnung (griechisch: diaita), jenen Anweisungen zur Gestaltung aller Lebensbereiche, die zur Erhaltung oder Wiederherstellung von Gesundheit notwendig sind und die seit der Antike einen festen Bestandteil von Gesundheitslehren und nat\u00fcrlichen Heilweisen darstellen. Wird Gesundheit als die stets neu herzustellende Ausgewogenheit zwischen den gesund erhaltenden Kr\u00e4ften im Menschen auf der einen und den belastenden Anforderungen der Umgebung auf der anderen Seite verstanden, dann zielt Ordnungstherapie darauf ab, diese Balance zu erhalten oder wiederherzustellen.<\/p>\n<\/div>\n<\/div>\n<\/div>\n<div id=\"c396\" class=\"csc-default csc-space-before-40\">\n<div class=\"csc-header csc-header-n4\">\n<h2>Im Ma\u00dfe liegt die Ordnung<\/h2>\n<\/div>\n<p>Dies geschieht durch jeden Einzelnen selbst, indem er, im Sinne Kneipps, eine gesunde Lebensweise anstrebt, zu der auch das Bem\u00fchen um seelische Ausgeglichenheit, Stresstoleranz und soziale Kompetenz geh\u00f6rt. Ordnungstherapie als naturheilkundliches Heilverfahren umfasst alle indirekten (p\u00e4dagogischen) und direkten (naturheilkundlich-\u00e4rztlichen) Ma\u00dfnahmen, die geeignet sind, jene Ausgewogenheit zwischen Ressourcen und Anforderungen &#8211; und damit Gesundheit &#8211; zu erhalten oder wieder herzustellen. Hierzu nimmt sie ordnend Einfluss auf die biologischen, die psychosozialen und die spirituellen Regulationsvorg\u00e4nge im Menschen. Das f\u00fcnfte Element beinhaltet als Voraussetzung f\u00fcr psychische Gesundheit die F\u00e4higkeit, sich selbst in der eigenen biologischen und seelisch-spirituellen Wesenheit zu sehen und zu akzeptieren und sich inmitten der Beziehungen zu den Mitmenschen und zur belebten und unbelebten Natur in Ausgewogenheit weiter zu entwickeln.<\/p>\n<\/div>\n<div id=\"c2262\" class=\"csc-default box grey\">\n<div class=\"csc-textpic csc-textpic-responsive csc-textpic-left csc-textpic-below\">\n<div class=\"csc-textpic-text\">\n<p><strong>Sie m\u00f6chten lernen, was dieses Kneippsche Element alles bietet? Dann sind Sie in unserer Sebastian-Kneipp-Akademie genau richtig! Einfach auf das Bild klicken!<\/strong><\/p>\n<\/div>\n<\/div>\n<\/div>\n<div id=\"c2261\" class=\"csc-default\">\n<p>\u201eOrdnungstherapie&#8220; wird in ihrer umfassenden Bedeutung auch weiterhin nur schwerlich durch einen moderneren Begriff zu ersetzen sein, will man sie nicht auf Teilaspekte wie \u201ePsychohygiene&#8220; oder \u201eLebensrhythmus&#8220; reduzieren. \u201eOrdnungstherapie&#8220; wird ein wertvolles Beh\u00e4ltnis bleiben, dessen Inhalt mit unserem Bewusstsein, mit unseren Erkenntnissen auf dem Gebiet menschlicher Gesundheit und mit unserer spirituellen Reife wachsen wird.Entspannungsmethoden sind klassische Ausgleichsformen f\u00fcr gestresste Menschen. Kurse f\u00fcr Ihr pers\u00f6nliches Wohlbefinden finden Sie bei den Kneipp-Vereinen, zum Beispiel Yoga, Progressive Muskelrelaxation oder TaiChi. Informieren Sie sich beim <a class=\"external-link-new-window\" href=\"http:\/\/kneippbund.de\/wo-ist-was-in-meiner-naehe\/?tx_abavomaps_pimain[category]=0002\" target=\"_blank\"><strong>Kneipp-Verein in Ihrer N\u00e4he<\/strong><\/a>.<\/p>\n<\/div>\n","protected":false},"excerpt":{"rendered":"<p>\u201eIm Ma\u00dfe liegt die Ordnung, jedes Zuviel und jedes Zuwenig setzt an Stelle der Gesundheit Krankheit.\u201c Sebastian Kneipp Die Ordnungstherapie basiert auf den Prinzipien der Lebensordnung (griechisch: diaita), jenen Anweisungen zur Gestaltung aller Lebensbereiche, die zur Erhaltung oder Wiederherstellung von Gesundheit notwendig sind und die seit der Antike einen festen Bestandteil von Gesundheitslehren und nat\u00fcrlichen Heilweisen darstellen. Wird Gesundheit als<span class=\"excerpt-hellip\"> [\u2026]<\/span><\/p>\n","protected":false},"author":1,"featured_media":0,"parent":0,"menu_order":0,"comment_status":"closed","ping_status":"closed","template":"","meta":{"jetpack_post_was_ever_published":false,"footnotes":""},"class_list":["post-281","page","type-page","status-publish","hentry"],"jetpack_sharing_enabled":true,"_links":{"self":[{"href":"https:\/\/www.kneipp-garbsen.de\/index.php?rest_route=\/wp\/v2\/pages\/281","targetHints":{"allow":["GET"]}}],"collection":[{"href":"https:\/\/www.kneipp-garbsen.de\/index.php?rest_route=\/wp\/v2\/pages"}],"about":[{"href":"https:\/\/www.kneipp-garbsen.de\/index.php?rest_route=\/wp\/v2\/types\/page"}],"author":[{"embeddable":true,"href":"https:\/\/www.kneipp-garbsen.de\/index.php?rest_route=\/wp\/v2\/users\/1"}],"replies":[{"embeddable":true,"href":"https:\/\/www.kneipp-garbsen.de\/index.php?rest_route=%2Fwp%2Fv2%2Fcomments&post=281"}],"version-history":[{"count":3,"href":"https:\/\/www.kneipp-garbsen.de\/index.php?rest_route=\/wp\/v2\/pages\/281\/revisions"}],"predecessor-version":[{"id":463,"href":"https:\/\/www.kneipp-garbsen.de\/index.php?rest_route=\/wp\/v2\/pages\/281\/revisions\/463"}],"wp:attachment":[{"href":"https:\/\/www.kneipp-garbsen.de\/index.php?rest_route=%2Fwp%2Fv2%2Fmedia&parent=281"}],"curies":[{"name":"wp","href":"https:\/\/api.w.org\/{rel}","templated":true}]}}