{"id":274,"date":"2017-02-25T21:56:23","date_gmt":"2017-02-25T20:56:23","guid":{"rendered":"http:\/\/www.kneipp-garbsen.de\/?page_id=274"},"modified":"2017-04-27T20:02:39","modified_gmt":"2017-04-27T18:02:39","slug":"wasser","status":"publish","type":"page","link":"https:\/\/www.kneipp-garbsen.de\/?page_id=274","title":{"rendered":"Wasser"},"content":{"rendered":"<h2><img loading=\"lazy\" decoding=\"async\" class=\"aligncenter size-medium wp-image-261\" src=\"wp-content\/uploads\/2017\/03\/lg_Wasser-min.png\" width=\"239\" height=\"300\" \/>\u201eDie besten Gesundheitsma\u00dfnahmen sind die, die St\u00e4rkendes auch sp\u00fcren lassen.\u201c<\/h2>\n<p><em>Sebastian Kneipp<\/em><\/p>\n<div id=\"c367\" class=\"csc-default\">\n<div class=\"csc-textpic csc-textpic-responsive csc-textpic-intext-left\">\n<div class=\"csc-textpic-text\">\n<p>Die Hydro- und Balneotherapie ist ein hoch entwickeltes, individuell auf die Bed\u00fcrfnisse des Einzelnen abgestimmtes Wasserheilverfahren. Das Wasser veranlasst durch thermische, chemische, mechanische oder hydroelektrische Reize den Organismus zu sinnvollen Reaktionen, die insgesamt zu positiven Regulationen aller K\u00f6rperfunktionen f\u00fchren. In der Pr\u00e4vention haben Kneippsche Wasseranwendungen ebenfalls ihren Platz. Je nach Befinden w\u00e4hlen Sie aus, was aktuell passt.<\/p>\n<\/div>\n<\/div>\n<\/div>\n<div id=\"c371\" class=\"csc-default csc-space-before-40\">\n<div class=\"csc-header csc-header-n4\">\n<h2>Wasser \u2013 ein wichtiges Fundament f\u00fcr ein gesundes Leben<\/h2>\n<\/div>\n<p>Es gibt erfrischende, beruhigende, stabilisierende und \/ oder alle K\u00f6rpersysteme harmonisierende B\u00e4der, Wickel und G\u00fcsse. Und vieles mehr. Es ist dieses nat\u00fcrliche Heilmittel, das Sebastian Kneipp den Beinamen \u201eWasserdoktor&#8220; eintrug und das er tats\u00e4chlich als wichtiges Fundament f\u00fcr ein gesundes Leben verwendete. Am bekanntesten ist das Wassertreten, bei dem man wie der sprichw\u00f6rtliche Storch im Salat durch fast kniehohes Wasser im Becken (oder Badewanne, oder Bach, oder was-immer) schreitet. Aber auch Waschungen und G\u00fcsse &#8211; hei\u00df, kalt oder wechselnd und je nach Bedarf an unterschiedlichen K\u00f6rperstellen im Einsatz &#8211; wirken heilsam und vorbeugend auf den Organismus. Kneipp entwickelte all diese Anwendungen und kombinierte sie individuell. Seine scharfe Beobachtungsgabe und ein stetig wachsendes medizinisches und seelsorgerisches Wissen brachten ihm umfassende Erfahrung und sehr viel heilerischen Erfolg ein. Kneipp hat gl\u00fccklicherweise viele seiner F\u00e4lle und Therapien dokumentiert. Er unterteilte die Wassertherapie in drei Kategorien:<\/p>\n<ul>\n<li>Sanfte Reize wecken die Lebenskr\u00e4fte<\/li>\n<li>Mittlere Reize st\u00e4rken die Lebenskr\u00e4fte<\/li>\n<li>Allzu starke Reize schaden nur, denn sie schw\u00e4chen den Organismus<\/li>\n<\/ul>\n<\/div>\n<div id=\"c2257\" class=\"csc-default box grey\">\n<div class=\"csc-textpic csc-textpic-responsive csc-textpic-left csc-textpic-below\">\n<div class=\"csc-textpic-text\">\n<p><strong>Sie m\u00f6chten lernen, wie Kneippsche Wasseranwendungen funktionieren? Dann sind Sie in unserer Sebastian-Kneipp-Akademie genau richtig! Einfach auf das Bild klicken!<\/strong><\/p>\n<\/div>\n<\/div>\n<\/div>\n<div id=\"c2259\" class=\"csc-default\">\n<p>Grunds\u00e4tzlich st\u00e4rken Wasseranwendungen die Abwehrkr\u00e4fte und das vegetative Nervensystem, sie wirken harmonisierend auf alle Systeme im K\u00f6rper und f\u00f6rdern die seelische Gelassenheit. Das Wasser heilt aber nicht nur durch Temperaturwirkung, sondern es ist auch wichtiger Tr\u00e4ger f\u00fcr die Wirkstoffe von Heilpflanzen. Ob als Pfefferminztee f\u00fcr die St\u00e4rkung von innen oder mit Badezusatz f\u00fcr die Behaglichkeit, ob Urelement etwa beim Aqua-Jogging &#8211; Wasser ist eigentlich von selbst schon eine Art \u201eDoktor&#8220;. Das wissen auch die 600 Kneip-Vereine. Wollen Sie lernen, wie man einen Wickel richtig anlegt, wie kalt das Wasser beim Armbad sein soll und wie man korrekt Wasser tritt, fragen Sie nach beim <a class=\"external-link-new-window\" href=\"http:\/\/relaunch-kneippbund.kneippbund.de\/wo-ist-was-in-meiner-naehe\/?tx_abavomaps_pimain[category]=0002\" target=\"_blank\"><strong>Kneipp-Verein in Ihrer N\u00e4he<\/strong><\/a>.<\/p>\n<\/div>\n<div id=\"c376\" class=\"csc-default box grey\">\n<p>Mehr Informationen \u00fcber Wasseranwendungen und ihre vielf\u00e4ltigen Wirkungen finden Sie auf den gesunden Seiten des Kneipp-Bund e.V.<br \/>\n<a href=\"http:\/\/www.kneippvisite.de\/\" target=\"_blank\"><strong>www.kneippvisite.de<\/strong><\/a><\/p>\n<\/div>\n","protected":false},"excerpt":{"rendered":"<p>\u201eDie besten Gesundheitsma\u00dfnahmen sind die, die St\u00e4rkendes auch sp\u00fcren lassen.\u201c Sebastian Kneipp Die Hydro- und Balneotherapie ist ein hoch entwickeltes, individuell auf die Bed\u00fcrfnisse des Einzelnen abgestimmtes Wasserheilverfahren. Das Wasser veranlasst durch thermische, chemische, mechanische oder hydroelektrische Reize den Organismus zu sinnvollen Reaktionen, die insgesamt zu positiven Regulationen aller K\u00f6rperfunktionen f\u00fchren. In der Pr\u00e4vention haben Kneippsche Wasseranwendungen ebenfalls ihren Platz.<span class=\"excerpt-hellip\"> [\u2026]<\/span><\/p>\n","protected":false},"author":1,"featured_media":0,"parent":0,"menu_order":0,"comment_status":"closed","ping_status":"closed","template":"","meta":{"jetpack_post_was_ever_published":false,"footnotes":""},"class_list":["post-274","page","type-page","status-publish","hentry"],"jetpack_sharing_enabled":true,"_links":{"self":[{"href":"https:\/\/www.kneipp-garbsen.de\/index.php?rest_route=\/wp\/v2\/pages\/274","targetHints":{"allow":["GET"]}}],"collection":[{"href":"https:\/\/www.kneipp-garbsen.de\/index.php?rest_route=\/wp\/v2\/pages"}],"about":[{"href":"https:\/\/www.kneipp-garbsen.de\/index.php?rest_route=\/wp\/v2\/types\/page"}],"author":[{"embeddable":true,"href":"https:\/\/www.kneipp-garbsen.de\/index.php?rest_route=\/wp\/v2\/users\/1"}],"replies":[{"embeddable":true,"href":"https:\/\/www.kneipp-garbsen.de\/index.php?rest_route=%2Fwp%2Fv2%2Fcomments&post=274"}],"version-history":[{"count":6,"href":"https:\/\/www.kneipp-garbsen.de\/index.php?rest_route=\/wp\/v2\/pages\/274\/revisions"}],"predecessor-version":[{"id":461,"href":"https:\/\/www.kneipp-garbsen.de\/index.php?rest_route=\/wp\/v2\/pages\/274\/revisions\/461"}],"wp:attachment":[{"href":"https:\/\/www.kneipp-garbsen.de\/index.php?rest_route=%2Fwp%2Fv2%2Fmedia&parent=274"}],"curies":[{"name":"wp","href":"https:\/\/api.w.org\/{rel}","templated":true}]}}